 y(i) = 3*i - 4*i**2 - 2 - 2*i**g + 5*i**2. Give y(4).
-6
Let s(m) = m - 1 - 82*m**2 + 84*m**2 - 2*m + m**3 + 0. Give s(-3).
-7
Suppose 0 = 2*y - p - 4, -3 = y - 0*p - 3*p. Let l(w) = -w - 1 + 0*w + 2. What is l(y)?
-2
Let s(u) = -u - 5. Let p be s(-5). Let w(o) = -3*o**3 - o**3 + p*o**2 - o**2 - o. Calculate w(-1).
4
Let s(z) = -z**3 + 4*z**2 - 2*z + 3. Suppose 4*l = 2*l + 6. Let n be s(l). Let v(j) = -2*j + 6. Calculate v(n).
-6
Suppose -5*b = -2*h + 4 - 33, -5*h + 36 = 3*b. Let p = 5 - b. Let f(t) be the third derivative of t**4/8 + 3*t**2. What is f(p)?
-6
Suppose -2*k + 4 = -8. Let h(v) = v - 3. What is h(k)?
3
Let c(k) = -k**2 + k - 3. Suppose 4*o = 2*o + 6. Give c(o).
-9
Let g(o) be the third derivative of 4*o**2 - 1/24*o**4 + 0 + 1/3*o**3 + 0*o. Calculate g(4).
-2
Let r(i) = i**3 - 8*i**2 + 8*i - 6. Let y be r(7). Let n(z) = -12*z**2 + z. Determine n(y).
-11
Let d(v) = 46*v + 44*v - 130*v + 2 + 41*v. What is d(3)?
5
Let n(m) = -2 + m**2 + 4 + 8*m + 4. Calculate n(-4).
-10
Suppose 5*l = -t + 5, 2*l + 5*t + 16 = -5. Let k(x) = 6*x - 3. Determine k(l).
9
Let h(g) = -g**3 + 5*g**2 - 4*g + 3. Suppose -1 - 1 = u. Let j = 0 + 5. Let a be (j - 2) + u + 3. Determine h(a).
3
Let r(h) be the first derivative of -h**4/4 + h**3 - 3*h**2/2 + h - 19. Let k(o) = -o**3 + 6*o**2 - o + 8. Let a be k(6). What is r(a)?
-1
Let b(h) be the third derivative of h**6/60 - h**5/60 + h**3/6 + 3*h**2. Let z be (-4)/6 + 1/(-3). Let c = 2 + z. Determine b(c).
2
Suppose -16 = -4*x - 2*t, -6 = -2*x - 3*t + 6. Let j(h) = 3*h - 6 + 3*h + 0 - x*h. Let y be 34/8 - (-2)/(-8). Determine j(y).
6
Let k(u) = u - 9. Let m(h) = 4*h - 16. Let i be m(5). What is k(i)?
-5
Let b(o) = 2*o**3 - 2*o**2 - o**3 + o**2 + 6. Suppose 5*k + 28 = k. Let i = k - -7. What is b(i)?
6
Let k(g) be the first derivative of g**4/4 + 4*g**3/3 + g**2/2 + 4*g - 41. Give k(-3).
10
Let z(p) = p**2 + p. Suppose 2*b + 5*x - 17 = 0, -1 = -2*x + 5. Let q = b - 1. Let f be 0 + (q - (1 + 0)). Calculate z(f).
0
Let o(l) = l**3 - 3*l**2 + l - 1. Let r be -2 + (3 - (1 + 6)). Let k be ((-4)/r)/(2/9). What is o(k)?
2
Suppose -3*q = -5*q. Let t(z) = -z**3 + z**2 - z + 5. Calculate t(q).
5
Let o(x) = -x - 2. Let y = -23 - -33. Suppose -5*d + 3*d = y. What is o(d)?
3
Let r(x) = x**2. Let o(c) = -c**3 - 4*c**2 + 7*c + 1. Suppose 14 = -l - 3*q, l = -q + 5*q + 21. Let k(m) = l*o(m) - r(m). Give k(-6).
-5
Let r(a) = 2*a - 3 - a - 1. Suppose 15 = -k + 4*l, -3*k + 0*k + 5*l = 24. What is r(k)?
-7
Suppose 0 = y + 2*y - 2*r + 8, -y - 4 = -2*r. Let q be y/2 + 30/5. Let a(c) = -c**2 + 6*c - 3. What is a(q)?
2
Suppose -3*d + d - 10 = 0. Let o = -8 - d. Let g(z) = -z. Determine g(o).
3
Suppose -3*o + 8 = -5*t, 2*t - 3 = 3*o - 8. Let m(n) = -n + o + n - 3*n. What is m(1)?
-2
Let p(g) = g**2 + 3*g - 5. Let v be p(-5). Suppose -x - 30 = 5*d - 1, 5*x = v. Let b be 20/d*18/15. Let s(z) = z**3 + 4*z**2 + 5. Give s(b).
5
Let d(x) = 4*x + 92. Let q be d(-23). Let u(r) = r**3 - r**2 + r - 2. Determine u(q).
-2
Let a(r) = r - 7. Suppose -5*p + 0*p = -20. Suppose -4*m = j + p*j + 16, m + 4 = -j. Give a(j).
-7
Let w = -9 - -14. Let a(q) = -3*q**2 + 22 + 24 - 45. Let f(i) = 7*i**2 + i - 1. Let v(o) = w*a(o) + 2*f(o). Give v(-2).
-5
Let f(q) = 7*q - 7. Let v(o) = 6*o - 6. Let d(y) = 5*f(y) - 6*v(y). Suppose 7*r = 3*r. Let n = r + -3. What is d(n)?
4
Let c(f) = 0*f**2 - 13 - 9*f - f**2 + 0*f**2 + 7. Calculate c(-7).
8
Let u(g) = -g**3 - 6*g**2 + 5*g - 8. Let c(r) = -8*r**2 - r + 2. Let m be c(1). Determine u(m).
6
Let r be (-45)/63 + (-2)/7. Let y(g) = -g. Let m(j) = 13*j + 1. Let l(o) = r*m(o) - 5*y(o). Give l(1).
-9
Let u(v) be the second derivative of -v**4/3 - 7*v**3/6 + 2*v**2 + 6*v. Let o(k) = -k + 1. Let j(c) = -4*o(c) + u(c). Give j(-2).
-10
Let z = -5 + 10. Let d = z + -3. Let r(l) = -4*l. Let b(f) = -f. Let w(g) = -22*b(g) + 6*r(g). What is w(d)?
-4
Let c(u) = -5*u**2 + 4*u + 14. Let g(d) = 14*d**2 - 13*d - 41. Let j(k) = -17*c(k) - 6*g(k). Determine j(-6).
-16
Let i(h) = 2*h**3 + 5*h**2 + h + 4. Let q(w) = 3*w**3 + 9*w**2 + 2*w + 8. Let v(z) = 5*i(z) - 3*q(z). Let y(g) = 2*g - 7. Let p be y(5). Calculate v(p).
2
Let c be 3 + -1 - -4 - -2. Let f = 1 + c. Let d be 6/2*3/f. Let t(r) = -6*r + 1. Determine t(d).
-5
Let d(n) = 0 - n + 2*n + 4. What is d(-4)?
0
Let p(h) = h + 7. Let w be p(-7). Suppose -z = 4, g + 5*z - 4 + 21 = w. Let u(l) be the second derivative of -l**4/12 + l**3/2 + l**2/2 + l. Give u(g).
1
Let h = 21 - 27. Let t(z) = -2*z - 7. Determine t(h).
5
Suppose -o + 2*k - 2 = -2*k, -o = -k - 1. Let g(v) be the first derivative of -v**3 + 2*v**2 - 2*v - 11. Determine g(o).
-6
Let h(b) = -b**3 - b**2 + b - 8. Suppose 4*j = 5*t - 3*t, -4*t = 4*j. Calculate h(t).
-8
Let h(q) = -4*q - 1 + 6*q + q. Give h(2).
5
Let h(l) = l**3 - 9*l**2 - 9*l - 7. Let w be h(10). Let v(z) = -5 + 4*z + 5*z**2 - w*z - z**3 + 2*z - z**2. What is v(4)?
7
Suppose 3*s - 3*x = 5*s + 11, x = 5*s - 15. Let n(j) = 7*j**2 - 2*j**2 + 1 + j**s. Give n(-1).
7
Let r(w) = -8*w**3. Suppose 7 = -20*m + 27*m. Calculate r(m).
-8
Let k = 3 - 1. Let b(z) be the third derivative of -z**6/60 + z**5/20 - z**4/12 + z**3/6 + 15*z**2. Determine b(k).
-7
Let z(p) be the third derivative of 7/24*p**4 + 0 + 2*p**2 + 0*p**3 + 0*p. Let u be 2/(-6) - 8/12. Calculate z(u).
-7
Let z(k) be the second derivative of 3*k**4/2 + 2*k**3 - k. Let g(r) = 7*r**2 + 5*r. Let m be 4/(-6) + 136/(-12). Let h(x) = m*g(x) + 5*z(x). Determine h(1).
6
Suppose -2*c = c. Let a(z) = z + 11. Let h be a(-9). Let l(t) = 2 + t + t**h - 4 - 3. Give l(c).
-5
Let o(u) = -21*u**2 + 2*u. Let h(x) = 10*x**2 - x. Let y = 0 + 2. Let r(z) = y*o(z) + 5*h(z). What is r(-1)?
9
Let p(x) = -6*x**2 - 6*x + 13. Let a(j) = -j + 1. Let q(r) = -6*a(r) + p(r). Let h(n) be the first derivative of q(n). Determine h(-1).
12
Let o be (-3)/(-9)*(3 - (2 - 5)). Let r(d) = -2*d - 1. Determine r(o).
-5
Let i(u) be the second derivative of u**3/6 - 4*u**2 - 6*u. Calculate i(4).
-4
Let c(m) = -2*m + 1. Let v(i) = -i**3 + 7*i**2 + 2*i + 8. Let o be v(7). Suppose 5*z - 5 = 3*r + o, 9 = 2*z - 3*r. Let l = z + -2. Give c(l).
-7
Let c(d) = d**3 + 4*d**2 - 6*d + 6. Let x = 162 - 167. Give c(x).
11
Let r(u) = -u**3 + 3*u**2 + 4*u - 1. Let l be r(4). Let x(f) = -5*f. Determine x(l).
5
Let d(x) = x - 5. Let b be 4 + -5 + (-24)/(-2). Let g = b + -6. What is d(g)?
0
Let o(u) = u + 6. Let h = -6 - -1. Determine o(h).
1
Let k(d) = d + 1. Let x(n) = -4*n - 10. Let b(l) = 6*k(l) + x(l). Calculate b(3).
2
Let v(q) = -q + 11. Let w = 22 + -22. Suppose -2*x + 4*y + 8 = 0, w = 5*x - y - 25 - 4. What is v(x)?
5
Let p(s) be the second derivative of s - 1/6*s**3 + 3*s**2 + 0. Let z = -95 - -98. Determine p(z).
3
Let a(t) = -t**3 + 2*t**2 - 2. Suppose 5*x = -4*h + 23, 3*x + 9 = 3*h + 4*x. Calculate a(h).
-2
Suppose -2*v - 20 = 2*v. Let l(k) = k**2 + 5*k + 2. Let s be l(v). Let t(w) = 2 + 2*w**3 - 2*w**s + 3*w**2 + w**2. Determine t(-2).
-6
Let y = -61 + 62. Let r(v) = 2*v. Give r(y).
2
Let d(g) = g + 3. Let p be ((-1)/3)/((-2)/24). Suppose 2*f - q = -9, -4*f + p*q + 12 = 40. Let t = f - -2. What is d(t)?
3
Let k(y) = -7*y**2 + 1. Let l be (-1 - 2) + (-6)/(-3). Determine k(l).
-6
Let h(w) = -7*w - 4. Let j(d) = -8*d - 4. Let t(g) = -5*h(g) + 4*j(g). Calculate t(-3).
-5
Let b(n) = -n**3 - 6*n**2 + n - 5. Suppose -5*y = -s - 28, 44 = 5*y + 5*s + 4. Let q be y*(-1 + -2 + 2). Calculate b(q).
-11
Let w(k) be the third derivative of -k**4/8 - 2*k**3/3 - 23*k**2. Calculate w(-7).
17
Let i be (-21)/14 + 14/4. Let o(v) = -2*v + v + 1 - i. What is o(-6)?
5
Let z(v) = -v**2 + 8*v - 9. Let j(f) = 8*f**3 + f**2 - 12*f - 8. Let o(t) = 7*t**3 - 11*t - 8. Let c(g) = -6*j(g) + 7*o(g). Let a be c(7). Give z(a).
3
Let c(k) = k**3 + k - 6. Let b be c(0). Let d(j) = j**3 + 5*j**2 - 4*j + 6. What is d(b)?
-6
Let q(g) = g + 2. Let l(t) be the third derivative of -t**4/12 - 2*t**3/3 - t**2. Let b(m) = -3*l(m) - 5*q(m). Let f = 4 - 8. Determine b(f).
-2
Let u be 3 + -1 - (5 + 0). Let w(m) = -3*m - 64 + 33 + 33 - 2*m**2. Determine w(u).
-7
Let d(z) be the third derivative of z**5/30 - 5*z**4/24 + 2*z**3/3 - z**2. Suppose 12 = 16*w - 12*w. Determine d(w).
7
Let g(w) = -w**2 + 6*w + 5. Let s be g(6). Suppose k = s*k + 20. Let t(u) = 11*u - u - 8*u + 3. Calculate t(k).
-7
Let j(u) be the 